**2 - 2*z + 1. Determine y(c).
-19
Let f be 1/(114/513*(-3)/4). Let r(i) = 3*i - 12. Determine r(f).
-30
Let f(z) = -3*z**3 - 2*z**2 + 3 - 2 - 2 - 3*z. Suppose -2*a - 4*k + 18 = 0, 33*a = 29*a + 5*k - 3. Suppose a*h + 1 = c, 3*c + 1 + 2 = 3*h. Determine f(c).
21
Suppose 650 = i + 9*i. Let t = -63 + i. Let f(k) = k**2 + 6*k**2 - 6*k**t + 1 - 7*k. Calculate f(5).
-9
Let a(k) = -22*k**2 - 2*k + 3. Let j = 6090 + -6088. Give a(j).
-89
Let g(x) be the first derivative of -x**2 + 5*x - 4227. Calculate g(-4).
13
Let a(m) be the first derivative of m**4/4 + 11*m**3/3 - 3*m**2 - 3*m + 5823. Determine a(-12).
-75
Let f(h) = 5599 - 25*h - 11207 + 5603. What is f(-3)?
70
Let b(w) = 22*w + 1878 - 4*w - 1815. Give b(-4).
-9
Let l(v) = v - 10. Let t(j) = -2*j**2 + 12*j - 10. Let c be ((-5)/(-2))/(25/30). Let f be t(c). Determine l(f).
-2
Let z be -323 - 0*(-7 + 6). Let x = 317 + z. Let m(y) = 0 + 8 - 2 + y. Calculate m(x).
0
Let i(y) be the second derivative of y**3/6 - 7*y**2/2 + 25*y - 2. Suppose -3*q + 1 = -8. Let l(m) = -3*m + 4. Let t be l(q). Give i(t).
-12
Let z(w) = 19*w - 8*w - 10*w - 4*w. Suppose 8 - 20 = -4*u. Suppose -6*v + u*v + 9 = 0. Calculate z(v).
-9
Suppose -4*s - 9 = -l + 16, -2*l + 2*s + 80 = 0. Suppose 20 = l*b - 43*b. Let a(v) = v. Calculate a(b).
10
Let y(w) be the second derivative of -w**5/20 + w**4/2 - 5*w**3/6 + 9*w. Let r(v) = -74*v + 226. Let x be r(3). Give y(x).
12
Let r be ((-4)/(-6))/(-1)*(-24 - -6). Let v(p) = p**2 + 0*p**2 + p + r*p + 22 - 6. What is v(-12)?
4
Let f(u) = -u - 7. Let s be 80/(-6)*105/4*1. Let g = s - -342. What is f(g)?
1
Suppose -179 + 261 = 37*g - 214. Let i(j) = 2*j**2 - 16*j + 14. What is i(g)?
14
Suppose -34*l + 84 = -52. Let i(x) be the first derivative of -3*x**2/2 - 5*x - 7. What is i(l)?
-17
Let d be ((-154)/(-6))/(1*(-3)/(-9)). Suppose 84*z - 7 = d*z. Let f(b) = 9*b**3 + b**2 + b - 1. What is f(z)?
10
Let h(g) = -g**2 - 16*g + 20. Let x be h(-17). Suppose 0 = 2*s + x*d - 79, 5*d - 4*d = -s + 41. Let j(z) = -s + 39 + 19 + z. Calculate j(-7).
7
Let j(u) = 21 - 9*u - 196*u + 206*u. Suppose 25 + 15 = -2*h. Determine j(h).
1
Let a(r) = -145*r**3 - 7*r - 2*r**2 + 226*r**3 - r**2 - 4 - 4*r**2 - 82*r**3. Let w = 15 + -9. Let o = w - 12. What is a(o)?
2
Let z(v) be the third derivative of -v**6/120 - v**5/5 + v**4/8 - v**3 - 5060*v**2. Determine z(-12).
-42
Let y(a) = 3*a + 3. Suppose 0 = -5*m + 2*v + v - 7, 5*v = -3*m + 23. Let i be m/(5/(-20) - 1/(-2)). Determine y(i).
15
Let w(k) = k - 7. Let a(z) = -z**3 - 11*z**2 - 5*z + 29. Let v be a(-11). Suppose -v*x + 56 = -80*x. Calculate w(x).
7
Let q be 32/4 - -1 - -3. Suppose -5*u + q = -7*u. Let g(k) be the first derivative of k**4/4 + 2*k**3 - 8*k + 5. Give g(u).
-8
Let o(w) = -w + 4. Let c be (-1)/2*(0 + -4). Suppose -19 = -t + 4*u, c*u = -4*t - t + 7. Suppose -t*h = 4*h - 35. What is o(h)?
-1
Let h(m) = m**3 + 6*m**2 + 14. Let t = 3675 - 3682. Give h(t).
-35
Let z(b) = 6. Let p(x) = x - 2. Suppose 0 = 18*c - 144 + 18. Let o(y) = c*p(y) + 3*z(y). Calculate o(5).
39
Let k(h) = 8*h - 51. Let c be k(8). Suppose -c*o + 14 = -64. Let t(s) = s**3 - 5*s**2 - 7*s + 6. Give t(o).
0
Let d be (-1 - -13)*(-2)/4. Let c(h) = -h**3 + h**2 - h. Let r(w) = 5*w**3 + 8*w - 3. Let u(n) = d*c(n) - r(n). Suppose -18 = -3*p - 0*p. Give u(p).
-9
Let b(y) be the third derivative of y**5/30 - 7*y**4/24 + 3*y**3/2 - y**2. Let q be (0 - -3*1) + (-443 - -444). Determine b(q).
13
Let d(p) = -24*p**2 - 18*p + 12. Let u(l) = l**2 + l. Let y(f) = d(f) + 5*u(f). Let n(s) = -20*s**2 - 15*s + 14. Let b(k) = 6*n(k) - 7*y(k). What is b(-1)?
12
Let g(f) = 2*f**2 + 39*f + 28. Suppose 5*y - 3*l = -72, -575*l + 570*l + 55 = -4*y. Calculate g(y).
-107
Let u(z) = z**3 + 21*z**2 - 21*z + 24. Let w be u(-22). Let h(i) = -981*i**2 + i**3 - 2 + 15*i + 964*i**w + 13. What is h(16)?
-5
Let p be 50 + (-5 - 10/(-3))*3. Suppose 8*b + p = 29. Let j(c) = -8*c. Give j(b).
16
Let g(j) be the third derivative of j**4/24 - 3*j**3 + 14*j**2 + 3. Suppose z = -13*z + 3*z. Calculate g(z).
-18
Let t(g) be the third derivative of g**6/120 - 7*g**5/60 - g**4/8 - 11*g**3/3 - 4*g**2 + 8*g - 1. Determine t(7).
-43
Let u(n) = 10*n**3 - 19*n**2 - 54*n - 33. Let t(p) = 7*p**3 - 13*p**2 - 36*p - 22. Let c(z) = 7*t(z) - 5*u(z). Let h be c(7). Let j(k) = k - 4. Calculate j(h).
-14
Let m(k) = -11*k**3 + 7*k**2 + 4*k - 3. Let l(b) = 7*b**3 - 5*b**2 - 3*b + 2. Let a(f) = -7*l(f) - 5*m(f). Suppose -5*n = -10, 3*r + 4*n - 2 = 3. What is a(r)?
-6
Suppose 35 = -5*d - 2*z - 0*z, 4*z = -d - 7. Let g be 374/3927 - ((-23)/(-21) + 2). Let j = d - g. Let v(a) = -a**3 - 3*a**2 + 3*a - 4. Calculate v(j).
0
Let d(r) = 3*r**2 + 17*r - 25. Let g(a) = -4*a**2 - 23*a + 22. Let b(v) = -3*d(v) - 2*g(v). Give b(-6).
25
Let l(f) = -f**2 - 9. Let x = -318 - -72. Let t = x - -246. Give l(t).
-9
Let x(v) = -v - 1 + 13*v**2 - 3*v**2 - 4 - 9*v**2. Let t(n) = -n**2 + 6. Let r(c) = -3*t(c) - 4*x(c). Give r(4).
2
Let v(f) be the third derivative of -f**5/60 + 25*f**4/24 - 41*f**3/6 + 524*f**2 + f. What is v(23)?
5
Let v(q) = 2*q + 4. Let l(m) = -m**2 - 5*m - 10. Let x = -174 + 168. Let t(s) = x*l(s) - 15*v(s). Determine t(-1).
6
Let t(d) = 11*d**2 + 88*d + 140. Let h be t(-6). Let j(g) = 2*g + g - 2*g. What is j(h)?
8
Let r(c) = -4*c + 2680 + 2*c - 2679. Let l be r(0). Let s(o) = -l + 34*o - 69*o + 2 + 36*o. What is s(-5)?
-4
Let q(p) be the first derivative of 5*p**2 - 26*p + 35. Let s be q(3). Suppose -s*y - 6*y = 40. Let l(z) = -2*z**2 - 5*z + 2. What is l(y)?
-10
Let l(f) be the third derivative of 1/24*f**4 + 1/8*f**6 + 164*f**2 + 0*f - 1/60*f**5 + 0 + 1/6*f**3. Determine l(-1).
-16
Let i(t) = 4*t - 16. Let k(n) = n + 2. Let b(f) = -i(f) + 2*k(f). Calculate b(17).
-14
Let h(b) = -8*b + 5. Let g(c) = c**3 - 5*c**2 - 9*c - 31. Suppose 34*d - 30*d = 28. Let f be g(d). Calculate h(f).
-27
Let o(t) = t + 53. Let r(l) = 10*l + 110. Let k(j) = 5*o(j) - 2*r(j). Determine k(3).
0
Let q(n) be the first derivative of -n**3/3 + 9*n**2/2 + 7*n + 499. Let p(j) = 3 - 5 + 0*j + 2*j**2 - 3*j. Let m be p(3). Calculate q(m).
21
Let p(t) be the first derivative of -1/6*t**4 - 29/2*t**2 + 1/6*t**3 + 11 + 0*t. Let b(o) be the second derivative of p(o). Calculate b(5).
-19
Let n(y) = -2*y**3 + y**2 - 2*y + 1. Let h(x) = 7*x**3 - 6*x**2 + 13*x - 15. Let z(v) = h(v) + 5*n(v). Calculate z(0).
-10
Suppose 94*d = -1989 + 2365. Let v(y) be the first derivative of -2*y**3/3 + 2*y**2 + 4*y - 1. What is v(d)?
-12
Let t(c) = c**2 + c - 1. Let l be t(-2). Let b(g) = -5*g**2. Let z be b(l). Let n(d) = -2 + d**3 + 5*d**2 + d + 2*d**2 + 3 - 2*d**2 - 2*d. Give n(z).
6
Let c be (-63 - -101 - 41)/((-4)/(-3) - 1). Let h(i) be the third derivative of -i**5/60 - i**4/3 + i**3 + 3*i**2. Calculate h(c).
-3
Let m(o) = -o**2 + 5*o - 1 - 2*o + o**3 - 5*o. Suppose 132 + 362 = 50*t + 197*t. Give m(t).
-1
Let y(h) = -2*h**2 - 1. Suppose 3*o + 12 = 3*x, -3*o + o = 2*x + 12. Let l(w) = -11*w**2 - 7. Let r(z) = x*l(z) + 6*y(z). What is r(-3)?
-8
Let p(s) = -s**3 - 8*s**2 + 12*s + 22. Let r be 18/(-4)*(-56 + 58). What is p(r)?
-5
Let x(l) = -l + 1. Let r(t) = 5*t - 13. Let n(u) = r(u) + 6*x(u). Let o(z) = -z**3 - 98*z**2 - 544*z + 736. Let q be o(-92). Determine n(q).
-7
Let v(q) be the first derivative of -47 - 11/3*q**3 - 6*q**2 + 1/4*q**4 - 7*q. Let n = 37 - 25. Determine v(n).
-7
Suppose 8*b + 1065 = 1209. Let j(r) = b + 9 - 28 - 5*r + 8*r. Calculate j(1).
2
Let a(z) = -z**3 - z**2 + z + 1. Suppose 8*x = x - 7. Let w be (x/(-2))/((-1)/2). Give a(w).
0
Suppose 262 + 126 = 144*l - 188. Let f(x) be the third derivative of 20*x**2 + 0*x + 0 + 0*x**3 - 1/24*x**l. Determine f(-1).
1
Let b = -22465 - -22479. Let q(w) = -w**3 + 13*w**2 + 7*w + 70. Determine q(b).
-28
Let k(y) = 10*y**2 - 4*y. Let p be k(2). Let j(b) be the second derivative of 0*b**2 + 4*b**2 - b**3 - 10*b - 2*b**2 + p*b. Determine j(5).
-26
Let f(q) = 1609*q**2 - 4830*q**2 + 44*q - 36*q - q**3 + 1606*q**2 + 1609*q**2. Let b be 2/(-5) - 66/10. Calculate f(b).
-7
Let g(s) be the third derivative of s**4/8 + 79*s**3/6 + 1614*s**2. Give g(-35).
-26
Let j(s) = -3104 + 4*s**2 - 3*s - 6*s**2 - 4*s + s**2 + 3105. What is j(-5)?
11
Let i(k) = k**2 - k - 63. Let f be (-2148)/1969 - 200/(-22). What is i(f)?
-7
Let y(n) be the third derivative of -n**5/3